e of 65?
False
Is 7 a factor of 98?
True
Is 233 a multiple of 31?
False
Is 1634 a multiple of 8?
False
Is 9 a factor of 1051?
False
Is 67 a factor of 804?
True
Is 19 a factor of 58064?
True
Does 9 divide 1611?
True
Is 12 a factor of 10126?
False
Is 95 a factor of 38359?
False
Is 39 a factor of 7735?
False
Does 19 divide 323?
True
Does 36 divide 1840?
False
Is 67 a factor of 35711?
True
Is 9 a factor of 412?
False
Is 138 a factor of 12006?
True
Does 40 divide 3407?
False
Does 18 divide 22718?
False
Does 16 divide 27367?
False
Does 21 divide 183?
False
Is 138 a factor of 14904?
True
Is 8 a factor of 25858?
False
Is 18 a factor of 77?
False
Does 37 divide 29437?
False
Does 14 divide 4284?
True
Is 100 a multiple of 10?
True
Is 390 a multiple of 6?
True
Is 42 a factor of 1554?
True
Does 25 divide 950?
True
Is 2554 a multiple of 7?
False
Is 41 a factor of 240?
False
Is 384 a multiple of 48?
True
Does 11 divide 9862?
False
Is 6986 a multiple of 7?
True
Is 90 a factor of 1098?
False
Is 3015 a multiple of 45?
True
Is 1079 a multiple of 16?
False
Does 2 divide 74?
True
Is 2118 a multiple of 18?
False
Is 90 a multiple of 12?
False
Is 104 a factor of 2600?
True
Does 39 divide 936?
True
Is 810 a multiple of 45?
True
Is 1482 a multiple of 6?
True
Is 170 a multiple of 34?
True
Is 14 a factor of 910?
True
Does 8 divide 1824?
True
Is 576 a multiple of 36?
True
Does 21 divide 882?
True
Is 4040 a multiple of 86?
False
Does 6 divide 108?
True
Does 169 divide 46311?
False
Is 42 a factor of 294?
True
Does 35 divide 7789?
False
Is 83119 a multiple of 518?
False
Is 12 a factor of 36096?
True
Is 8200 a multiple of 82?
True
Does 20 divide 8160?
True
Is 3086 a multiple of 2?
True
Is 384 a multiple of 64?
True
Does 59 divide 1357?
True
Is 9 a factor of 946?
False
Is 1085 a multiple of 31?
True
Is 20 a factor of 3802?
False
Is 28 a factor of 19852?
True
Is 3577 a multiple of 49?
True
Does 3 divide 875?
False
Is 41 a factor of 356?
False
Does 14 divide 7364?
True
Is 5360 a multiple of 16?
True
Is 33 a factor of 34683?
True
Is 116 a factor of 49996?
True
Is 2712 a multiple of 4?
True
Does 36 divide 8048?
False
Is 22 a factor of 808?
False
Does 6 divide 3729?
False
Is 49 a factor of 2303?
True
Does 163 divide 29666?
True
Is 9 a factor of 8102?
False
Does 7 divide 1241?
False
Is 15 a factor of 44370?
True
Is 125800 a multiple of 10?
True
Is 117 a multiple of 9?
True
Is 12 a factor of 49?
False
Does 3 divide 3552?
True
Does 36 divide 1152?
True
Does 4 divide 4?
True
Is 21 a factor of 84?
True
Is 25 a factor of 12002?
False
Does 14 divide 717?
False
Is 660 a multiple of 11?
True
Is 25 a factor of 10546?
False
Is 8046 a multiple of 82?
False
Is 9898 a multiple of 38?
False
Is 40 a factor of 3064?
False
Is 217 a multiple of 42?
False
Does 16 divide 102998?
False
Is 1480 a multiple of 74?
True
Does 41 divide 661?
False
Does 82 divide 68432?
False
Is 851 a multiple of 2?
False
Is 6941 a multiple of 54?
False
Does 75 divide 10350?
True
Does 47 divide 270?
False
Is 2600 a multiple of 130?
True
Does 12 divide 1476?
True
Does 127 divide 23368?
True
Is 14 a multiple of 4?
False
Does 9 divide 729?
True
Is 30 a factor of 9150?
True
Does 95 divide 12669?
False
Does 2 divide 114?
True
Is 30 a factor of 1680?
True
Is 5124 a multiple of 183?
True
Is 71 a multiple of 3?
False
Does 3 divide 1267?
False
Is 39 a factor of 858?
True
Is 154 a factor of 308?
True
Does 85 divide 20485?
True
Does 164 divide 328?
True
Does 7 divide 406?
True
Is 42 a factor of 1585?
False
Is 6793 a multiple of 15?
False
Is 1081 a multiple of 117?
False
Is 2 a factor of 5?
False
Is 10452 a multiple of 6?
True
Does 70 divide 2794?
False
Is 10099 a multiple of 88?
False
Does 17 divide 480?
False
Is 5736 a multiple of 6?
True
Is 4966 a multiple of 13?
True
Is 6 a factor of 66?
True
Does 13 divide 260?
True
Is 221 a factor of 57018?
True
Does 144 divide 33984?
True
Is 11315 a multiple of 31?
True
Does 8 divide 37240?
True
Is 27818 a multiple of 14?
True
Is 27 a factor of 891?
True
Does 27 divide 924?
False
Does 4 divide 155?
False
Is 21 a factor of 504?
True
Is 644 a multiple of 28?
True
Does 10 divide 2398?
False
Is 28 a factor of 192?
False
Is 12 a factor of 24?
True
Is 30537 a multiple of 13?
True
Does 29 divide 458?
False
Does 78 divide 67405?
False
Is 217 a factor of 38192?
True
Is 10 a factor of 4565?
False
Is 23 a factor of 506?
True
Does 16 divide 7728?
True
Is 11 a factor of 1840?
False
Is 80128 a multiple of 16?
True
Is 62 a factor of 6572?
True
Is 26 a factor of 2291?
False
Does 18 divide 1620?
True
Is 7128 a multiple of 33?
True
Is 118 a factor of 9977?
False
Is 152 a factor of 10336?
True
Is 3570 a multiple of 70?
True
Is 23970 a multiple of 102?
True
Does 60 divide 1125?
False
Is 29 a factor of 1044?
True
Does 149 divide 29428?
False
Does 2 divide 14192?
True
Does 352 divide 51028?
False
Does 15 divide 4861?
False
Is 3640 a multiple of 40?
True
Is 202 a multiple of 14?
False
Does 11 divide 1575?
False
Is 297 a multiple of 18?
False
Is 1441 a multiple of 11?
True
Is 75 a factor of 900?
True
Does 133 divide 2128?
True
Is 30 even?
True
Is 3 a factor of 33?
True
Is 4 a factor of 40?
True
Does 78 divide 1482?
True
Is 8 a factor of 3640?
True
Is 29 a factor of 203?
True
Does 11 divide 11781?
True
Is 13 a factor of 1094?
False
Is 25 a factor of 2575?
True
Is 264 a multiple of 10?
False
Is 63 a factor of 7758?
False
Does 128 divide 768?
True
Is 3319 a multiple of 31?
False
Does 33 divide 21648?
True
Does 24 divide 120?
True
Is 21 a factor of 11113?
False
Does 6 divide 342?
True
Is 653 a multiple of 44?
False
Does 8 divide 3508?
False
Is 10 a factor of 1176?
False
Is 15 a factor of 1351?
False
Does 21 divide 42461?
False
Does 97 divide 4365?
True
Is 3840 a multiple of 20?
True
Does 28 divide 22540?
True
Is 7 a factor of 34369?
False
Does 68 divide 14756?
True
Is 749 a multiple of 11?
False
Is 21630 a multiple of 10?
True
Does 18 divide 3191?
False
Is 6 a factor of 148?
False
Does 4 divide 68?
True
Does 203 divide 4772?
False
Does 14 divide 1338?
False
Does 20 divide 288?
False
Is 36 a factor of 648?
True
Is 18 a factor of 31230?
True
Is 1390 a multiple of 17?
False
Does 21 divide 29042?
False
Is 3 a factor of 350?
False
Does 72 divide 4151?
False
Is 492 a multiple of 3?
True
Is 125 a multiple of 26?
False
Does 27 divide 99?
False
Does 30 divide 2954?
False
Does 8 divide 7758?
False
Does 6 divide 31356?
True
Is 3 a factor of 864?
True
Is 190 a factor of 90634?
False
Does 69 divide 2001?
True
Does 76 divide 52896?
True
Is 32548 a multiple of 158?
True
Does 69 divide 1587?
True
Is 112 a factor of 21905?
False
Is 8 a factor of 43560?
True
Does 7 divide 2765?
True
Is 119 a multiple of 6?
False
Is 7 a factor of 35?
True
Is 26005 a multiple of 35?
True
Does 159 divide 6837?
True
Is 10299 a multiple of 11?
False
Is 12 a factor of 1068?
True
Does 44 divide 9900?
True
Does 84 divide 756?
True
Is 21 a factor of 2709?
True
Is 10 a factor of 470?
True
Is 2932 a multiple of 31?
False
Is 70 a factor of 723?
False
Is 27 a factor of 432?
True
Does 119 divide 2930?
False
Does 42 divide 1861?
False
Does 7 divide 1603?
True
Does 13 divide 2602?
False
Is 6 a factor of 1865?
False
Does 99 divide 2574?
True
Is 23834 a multiple of 98?
False
Is 7611 a multiple of 39?
False
Is 416 a multiple of 13?
True
Is 277 a multiple of 3?
False
Is 1650 a multiple of 3?
True
Does 25 divide 8825?
True
Is 16 a factor of 27280?
True
Does 25 divide 997?
False
Is 5 a factor of 1385?
True
Is 34 a factor of 16490?
True
Does 34 divide 884?
True
Does 51 divide 1275?
True
Is 2368 a multiple of 37?
True
Is 3105 a multiple of 45?
True
Is 18309 a multiple of 9?
False
Is 19 a factor of 54?
False
Is 11 a factor of 1975?
False
Is 452 a multiple of 4?
True
Does 87 divide 1443?
False
Does 6 divide 7956?
True
Does 14 divide 462?
True
Is 140 a factor of 5824?
False
Is 94 a factor of 94?
True
Is 441 a multiple of 49?
True
Is 227 a factor of 25424?
True
Does 10 divide 515?
False
Does 125 divide 8125?
True
Does 3 divide 1729?
False
Does 12 divide 5208?
True
Does 11 divide 9174?
True
Does 17 divide 30821?
True
Is 115 a multiple of 7?
False
Is 72 a multiple of 36?
True
Does 128 divide 12409?
False
Is 580 a multiple of 65?
False
Is 6783 a multiple of 51?
True
Is 64 a factor of 5